 be (0 + 1 + -10)*(4 + -3). Is 1/(v/2) - 56799/(-81) prime?
True
Is ((-4152)/96)/(1/(-20)) a prime number?
False
Suppose z = -0*z - 5*h - 146, 0 = -5*h - 20. Let v(y) = y**3 - y**2 - 87. Let i be v(0). Let j = i - z. Is j composite?
True
Suppose 5*w - 4 = 6*w. Is (1*-204)/(-2) - w composite?
True
Let o(k) = -k**3 + 13*k**2 - 21*k - 8. Let y be o(11). Suppose -h + 7 = 2. Suppose -h*q - 4430 = -4*z - z, y = q. Is z composite?
True
Let w = -17294 - -34605. Is w a composite number?
True
Let g(s) = 1318*s**2 + 6*s + 25. Is g(-4) prime?
True
Let o = -13195 + 40746. Is o prime?
True
Let u(l) = -102*l + 11. Is u(-4) prime?
True
Suppose 2 = -3*k - 1. Let n(z) = -91*z - 2. Is n(k) a prime number?
True
Let x(t) = -32*t - 1. Let m(g) = -2*g + 12. Let w be m(5). Suppose 23 = -3*j + w*k, -4*j + j + 3*k - 24 = 0. Is x(j) prime?
True
Let d = 864 - 102. Let n = d + 127. Is n a prime number?
False
Is ((-2937)/(-99))/((-3)/(-531)) composite?
True
Suppose 3*b + 4 = -5*n, -b = -0*n - 4*n - 10. Suppose -4*a - b = 6. Is (-1)/a*1746/9 composite?
False
Let t = 10841 - 6792. Is t composite?
False
Let y(c) = 692*c**2 + 2*c + 3. Suppose -b - 11 = 4*l, 4*l + 2*b + 8 = 3*l. Is y(l) a composite number?
False
Suppose 5*c + 9709 = 5*h + 34259, 5*c + 2*h - 24529 = 0. Is c a composite number?
True
Suppose -5*r + z = -10096, 3*z - 2409 = -4*r + 5664. Is r a composite number?
True
Let c(b) = 5*b + 17. Let s be c(6). Suppose 4*r - 3*k = 6852 + s, 0 = 5*r - 5*k - 8620. Is r composite?
True
Suppose 4*d + 7*d - 7711 = 0. Is d a composite number?
False
Suppose -y + 7*n - 2*n + 218 = 0, -2*y = 3*n - 449. Let b = -3 + 5. Is 6/(b - 5) + y prime?
False
Let o be (6/4)/(11/(-4) + 2). Let h(i) = -2169*i + 1. Is h(o) a composite number?
False
Suppose 4*m = 2*x - 186, m - 372 = -4*x + 2*m. Suppose -3*s + x = -354. Is s composite?
False
Let n = -10 - -14. Let b be n/16*6*-2. Is 3/2*(-226)/b a prime number?
True
Suppose 0 = -2*a - 2*w + 135900, 0 = 4*a - 3*w - 63992 - 207843. Is a prime?
False
Let q = -929 - -563. Let s = 1583 + q. Is s prime?
True
Suppose -5 = -b + 2*b - 2*r, 3*r = 4*b. Let g = -1151 - -1144. Is 499/((g + b)/(-4)) composite?
False
Suppose 109*g - 105*g = -3*p + 6107, -4*g - 4098 = -2*p. Is p prime?
False
Is (-6)/2 + -56 + 1986 composite?
True
Let u(f) = f - 5. Let d be u(-4). Let p = -9 - d. Suppose -2*h + 33 + 121 = p. Is h a prime number?
False
Let o(c) = c**2 + 13*c - 32. Let h be o(-15). Is 2/12*h + (-2982)/(-9) a prime number?
True
Is (8206/(-8))/((-38)/152) a composite number?
True
Suppose -2*c + 4*c + 6 = 0, 3*z + 3*c + 54 = 0. Let x be -10*(0 + 6/z). Suppose -x*s - 369 = -m, -2*s + 137 = m - 244. Is m a composite number?
True
Let s(x) = 54*x**2 + 5*x + 21. Is s(-8) composite?
True
Let f = -22 + 18. Let u be (-2)/f + 31/2. Suppose -k + 63 = -u. Is k a prime number?
True
Let i(g) = -38*g + 10. Let w(l) = -77*l + 21. Let k(n) = -13*i(n) + 6*w(n). Let x be k(-5). Let q = 321 - x. Is q a prime number?
False
Let j be (-24)/(-3)*(1 + 0). Let i(s) be the third derivative of 43*s**4/24 - 5*s**3/2 - 2*s**2. Is i(j) a prime number?
False
Suppose -9 = -4*t + 195. Suppose -3*h + 2310 = t. Is h a prime number?
False
Is 5/(-30)*-5127*2 prime?
True
Suppose 0 = -5*s + 10, 0*k + 2*k + 2254 = -s. Let y = 2867 + k. Is y composite?
True
Suppose -4*u + 5*g = -14, -5*g = -3*u - 3 + 16. Suppose 5*s + 4*z - u = 0, s - 2 = -s - 2*z. Let m(j) = -j**3 + j**2 + 2. Is m(s) a prime number?
False
Let z(j) = -670*j - 1. Suppose f + 1 = l + 3*l, -1 = f + l. Is z(f) a composite number?
True
Suppose -2*r - 2*i = -18, r + 33 = 3*r + 5*i. Suppose -1240 = -c - r*c. Let b = -163 + c. Is b a prime number?
False
Suppose -5*c + 38 = 4*q, -c + 30 = 4*q - 0*c. Let l = -13 + q. Is (0 - -3)*(-86)/l a prime number?
True
Let a(q) = -q**2 + 10*q - 22. Let x be a(7). Let c(g) = -143*g. Is c(x) a prime number?
False
Let x = -69 + 265. Let q = 225 + x. Suppose -q = 5*f - 2316. Is f prime?
True
Let t be 2*5*(-44)/55. Let z be 2*(-4)/t - -163. Let d = z + -79. Is d a prime number?
False
Let f(l) = 91*l + 38. Is f(21) prime?
True
Let y(w) = 446*w - 4. Let z be y(2). Suppose 3*a + 0*a = -4*m + 867, z = 3*a - 3*m. Is a composite?
False
Is (-3173604)/(-56)*2/3 a composite number?
False
Suppose 0 = 4*r - b - 75152, 0 = 4*r + r - 2*b - 93943. Is r a prime number?
True
Let z be 3 - ((-4 - 2) + 3). Let m = -7 + z. Let o = m + 24. Is o prime?
True
Let y be 6/(-4)*(-20)/15. Suppose o = 2*h - 10, 2*o + y*o + 10 = -2*h. Is (h + 35/(-15))*39 a prime number?
False
Let r be 119/34*(-40)/(-14). Suppose -a = 5*v - 9, 3*a + 4*v + 0 = -6. Is r/15*(-1269)/a a composite number?
True
Let m(h) = 2599*h**3 + 15*h**2 - h + 11. Let a(q) = 520*q**3 + 3*q**2 + 2. Let w(c) = -11*a(c) + 2*m(c). Is w(-1) a composite number?
False
Let v(c) = 7*c**2 - 6*c - 3. Let y(m) = -8*m**2 + 5*m + 2. Let q(i) = 3*v(i) + 2*y(i). Is q(-8) prime?
True
Let r be -2 - 4/(-8)*2. Let s(q) = -99*q. Let i be s(r). Suppose 0*t = -3*t + i. Is t composite?
True
Is (-1 + 0 + 11)*(-1921)/(-34) composite?
True
Let k(z) = 2085*z**2 - 29*z - 143. Is k(-9) a composite number?
False
Let w(k) = 2*k**3 + 25*k**2 + 40*k - 23. Let z(l) = -l**3 - 25*l**2 - 39*l + 23. Let x(f) = 3*w(f) + 4*z(f). Is x(18) a prime number?
True
Let k(o) = 7765*o - 103. Is k(2) prime?
True
Let j = -3 + 6. Suppose -y = k - 4, 0 = -3*k + 4*y - 2*y + 17. Suppose j*q - 115 = -v + 7*q, -k*q + 396 = 3*v. Is v composite?
False
Suppose 5*w - 71 = 4. Let b = 19 - w. Suppose -p = -b*p + 159. Is p composite?
False
Let c = -3887 + 7966. Is c prime?
True
Suppose 0 = -5*f - 4*y + 6516, -3*y + 0*y - 3 = 0. Suppose 4*v + i = -3*i + f, -3*v - 2*i + 981 = 0. Is v composite?
True
Suppose 2*u - 4*u = 16. Let f(w) = 2*w**2 + 6*w + 2. Is f(u) prime?
False
Let w(i) = 39*i**2 - 9*i - 26. Let s be w(8). Let q = s + 613. Is q composite?
False
Let u(o) = o**2 + 4*o + 1. Let z be u(-3). Let b(y) = -41*y + 3. Is b(z) prime?
False
Let z = 4326 - 2703. Suppose 0 = -2*l + 5*l - z. Is l prime?
True
Let r(m) = m**3 + 7*m**2 + 4*m - 6. Let c be r(-6). Let w(l) = -2*l - 13. Let q be w(c). Let d = q - -35. Is d prime?
False
Let b(i) be the third derivative of -i**6/60 + i**5/60 - i**4/6 + 5*i**3/3 - 21*i**2. Is b(-5) a composite number?
True
Let j be 2/6 + (-9)/27. Suppose j = 3*m - 3*y - 1890, 3*m - 2*y - 1895 = -0*m. Is m a prime number?
False
Suppose -4*i + 357 = o, -i - 3*o + 6 = -97. Let h = 507 - i. Is h prime?
True
Suppose 5*c + 14 - 94 = 0. Is (-4)/(-6)*13992/c a composite number?
True
Let q(k) = -7*k. Let r be q(1). Suppose 0 = -19*n - 301 + 244. Is (7/n)/r*2391 composite?
False
Suppose 52*p - 14510 = 21214. Is p a prime number?
False
Let s be (9*(3 + (-21)/9))/2. Suppose -4*b + 348 = 3*x - 427, s*b + 1000 = 4*x. Is x a composite number?
True
Let z = 25 - 16. Suppose 0 = -s + 5*a - z, -2*a + 39 = -3*s + a. Is 21/s*38/(-3) prime?
True
Let g = 1731 - 862. Is g a composite number?
True
Let m(r) = 51*r**2 + r - 10. Let j be m(3). Suppose -73 = p - j. Is p composite?
False
Let u(a) = -a + 4. Let x be u(4). Let y be (-4)/((-30)/9 - -2). Suppose 207 = y*d - x. Is d prime?
False
Suppose -2*o - 4 = x, 2*x = 2*o + 5 + 5. Suppose -f = -6*f. Suppose -y = 5*n - 997, x*y + y - 6 = f. Is n composite?
False
Let h(i) = 1445*i**2 + i - 3. Is h(2) a prime number?
True
Let a be (142/(-6))/(33/(-9) - -4). Is (-4)/8 - a/2 a prime number?
False
Let q be (4/5)/((-20)/(-250)). Let p = 69 + q. Is p composite?
False
Suppose 5*d + 9 = a + 3*d, 0 = -2*a - d + 13. Let s = 9 - a. Suppose s*u - 109 = 5*b, 3*b + 245 = 4*u + 2*b. Is u a prime number?
False
Suppose 2*a + 1102 = 4*a. Let z = -298 + a. Is z prime?
False
Suppose 2*t + 2*t = 2660. Let r = -354 + t. Is r prime?
True
Suppose 33*a - 2153774 = 242455. Is a a composite number?
False
Let c(f) be the first derivative of -f**4/4 - 16*f**3/3 - f**2/2 - 13*f + 4. Let a be c(-16). Suppose -4*r + 1324 = 4*b, r + 331 = -2*b + a*b. Is b composite?
False
Let y = 56772 - 38867. Is y a prime number?
False
Let j(f) = -f + 18. Let o be j(13). Suppose -3*y = o*h + 4 + 2, -2 = -4*h + y. Suppose 64 = i - 5*w, 3*i + 0*w - w - 234 = h. Is i a composite number?
False
Is 2 + -6*10/15 + 3065 a prime number?
False
Suppose -a + 7 - 5 = 0. Suppose -a*i = -0*i - 14. Suppose -224 = -q + 3*w, 0 = -5*q + i*q + 3*w - 403. Is q composite?
Tru